ommon factor of 19 and 2831?
19
What is the greatest common factor of 3402 and 126?
126
What is the highest common factor of 15 and 201?
3
Calculate the highest common divisor of 960 and 105.
15
What is the greatest common factor of 9 and 459?
9
Calculate the highest common divisor of 12605 and 10.
5
What is the greatest common factor of 106 and 106?
106
Calculate the greatest common factor of 87 and 1914.
87
What is the greatest common divisor of 570 and 36?
6
What is the greatest common divisor of 328 and 8?
8
What is the highest common factor of 187 and 4301?
187
Calculate the greatest common divisor of 194 and 97.
97
What is the greatest common divisor of 89 and 25721?
89
Calculate the highest common divisor of 15834 and 42.
42
What is the highest common factor of 10 and 710?
10
Calculate the greatest common factor of 342 and 72.
18
What is the greatest common divisor of 107 and 22042?
107
Calculate the highest common divisor of 168 and 1416.
24
What is the greatest common factor of 6 and 84?
6
Calculate the highest common divisor of 4422 and 33.
33
Calculate the highest common divisor of 2242 and 57.
19
What is the greatest common factor of 3 and 342?
3
What is the highest common divisor of 86 and 215?
43
What is the highest common factor of 50 and 350?
50
What is the greatest common divisor of 333 and 2331?
333
Calculate the highest common factor of 52 and 1924.
52
What is the greatest common factor of 355 and 5?
5
Calculate the greatest common factor of 18 and 4.
2
Calculate the greatest common divisor of 1241 and 146.
73
What is the highest common factor of 36 and 252?
36
Calculate the highest common factor of 2 and 9290.
2
What is the highest common divisor of 3752 and 8?
8
Calculate the highest common divisor of 1586 and 143.
13
What is the greatest common factor of 4 and 2228?
4
What is the greatest common divisor of 5312 and 64?
64
What is the highest common factor of 3843 and 63?
63
Calculate the greatest common factor of 675 and 25.
25
What is the greatest common divisor of 46 and 8?
2
Calculate the greatest common divisor of 10 and 2880.
10
What is the highest common divisor of 2282 and 2934?
326
What is the greatest common divisor of 12 and 150?
6
Calculate the highest common divisor of 918 and 162.
54
What is the highest common factor of 369 and 72?
9
Calculate the highest common divisor of 140 and 672.
28
What is the highest common divisor of 3 and 159?
3
Calculate the highest common divisor of 7138 and 86.
86
What is the highest common factor of 130 and 520?
130
What is the highest common divisor of 220 and 100?
20
What is the highest common divisor of 128 and 32?
32
Calculate the highest common factor of 14 and 56.
14
Calculate the highest common divisor of 186 and 2.
2
What is the greatest common divisor of 71 and 4686?
71
What is the greatest common divisor of 474 and 5925?
237
Calculate the highest common divisor of 1350 and 864.
54
What is the greatest common divisor of 147 and 924?
21
What is the greatest common factor of 6 and 159?
3
Calculate the greatest common factor of 70 and 3955.
35
What is the greatest common divisor of 16 and 5?
1
What is the greatest common divisor of 347 and 37129?
347
Calculate the highest common divisor of 1691 and 178.
89
Calculate the highest common divisor of 165 and 135.
15
What is the greatest common divisor of 58 and 58?
58
Calculate the highest common factor of 120 and 11430.
30
What is the greatest common factor of 286 and 26?
26
What is the greatest common divisor of 10644 and 24?
12
What is the highest common divisor of 1182 and 985?
197
What is the greatest common factor of 1071 and 105?
21
Calculate the highest common factor of 225 and 180.
45
Calculate the highest common divisor of 100 and 32.
4
Calculate the greatest common divisor of 7 and 3367.
7
Calculate the highest common factor of 49 and 1519.
49
Calculate the highest common factor of 120 and 496.
8
What is the greatest common factor of 15 and 141?
3
Calculate the highest common divisor of 215 and 1333.
43
Calculate the highest common factor of 51 and 68.
17
Calculate the greatest common divisor of 9072 and 486.
162
What is the highest common divisor of 60 and 220?
20
Calculate the highest common factor of 27 and 8451.
27
What is the greatest common divisor of 816 and 51?
51
What is the greatest common divisor of 550 and 2250?
50
Calculate the highest common divisor of 94 and 32806.
94
What is the greatest common divisor of 5925 and 150?
75
What is the highest common divisor of 6102 and 216?
54
What is the highest common factor of 256 and 14208?
128
Calculate the greatest common factor of 77 and 1078.
77
What is the highest common divisor of 26 and 6058?
26
Calculate the greatest common divisor of 24 and 552.
24
What is the highest common divisor of 68 and 18598?
34
Calculate the greatest common divisor of 570 and 26410.
190
What is the highest common factor of 391 and 23?
23
Calculate the highest common factor of 600 and 36.
12
What is the greatest common divisor of 25 and 200?
25
Calculate the greatest common factor of 1891 and 31.
31
Calculate the greatest common factor of 116 and 16124.
116
What is the highest common factor of 112 and 35?
7
What is the highest common divisor of 110 and 4730?
110
What is the highest common factor of 12375 and 20?
5
Calculate the greatest common divisor of 944 and 1829.
59
Calculate the greatest common factor of 93 and 3596.
31
What is the highest common factor of 188 and 141?
47
Calculate the greatest common divisor of 392 and 84.
28
What is the greatest common factor of 1648 and 103?
103
What is the highest common factor of 18 and 7371?
9
Calculate the greatest common divisor of 1952 and 61.
61
What is the highest common divisor of 126 and 147?
21
What is the greatest common factor of 8 and 632?
8
What is the highest common divisor of 5 and 196?
1
What is the highest common factor of 11 and 1?
1
What is the greatest common factor of 1500 and 12?
12
What is the greatest common factor of 7550 and 50?
50
What is the greatest common factor of 120 and 75?
15
What is the greatest common factor of 240 and 30?
30
Calculate the highest common divisor of 2820 and 94.
94
Calculate the highest common divisor of 119 and 289.
17
Calculate the highest common factor of 12661 and 22.
11
What is the highest common factor of 1177 and 77?
11
What is the highest common divisor of 47949 and 66?
33
What is the greatest common divisor of 6048 and 96?
96
Calculate the greatest common divisor of 648 and 24.
24
Calculate the highest common divisor of 57 and 627.
57
What is the highest common divisor of 108 and 396?
36
What is the highest common factor of 3060 and 80?
20
Calculate the greatest common factor of 160318 and 142.
142
What is the highest common factor of 1179 and 18?
9
Calculate the greatest common factor of 270 and 297.
27
What is the greatest common divisor of 2820 and 270?
30
Calculate the highest common factor of 15229 and 97.
97
Calculate the greatest common divisor of 32 and 416.
32
Calculate the highest common factor of 3 and 1777.
1
Calculate the highest common divisor of 8 and 248.
8
Calculate the greatest common factor of 10098 and 88.
22
Calculate the highest common factor of 1040 and 80.
80
What is the highest common factor of 2028 and 276?
12
What is the highest common divisor of 685 and 40?
5
What is the highest common factor of 330 and 1230?
30
What is the highest common factor of 39 and 676?
13
Calculate the greatest common divisor of 260 and 585.
65
Calculate the highest common factor of 250 and 175.
25
What is the highest common divisor of 25 and 125?
25
Calculate the highest common factor of 1925 and 2275.
175
What is the greatest common divisor of 114 and 912?
114
Calculate the highest common factor of 1162 and 7.
7
What is the greatest common factor of 5005 and 1859?
143
Calculate the highest common factor of 117 and 1794.
39
What is the greatest common divisor of 28 and 23744?
28
Calculate the greatest common factor of 1992 and 3901.
83
What is the greatest common divisor of 1640 and 40?
40
What is the highest common factor of 54 and 27?
27
What is the highest common divisor of 16 and 564?
4
What is the highest common divisor of 39 and 975?
39
Calculate the greatest commo